**3 - 41*j**2 + 10*j + 10. Let k be c(15). Let p = -2226 + k. Is p a prime number?
False
Let a(q) = 338*q**2 + 7*q - 5. Suppose -15*k + 20*k - 40 = 0. Suppose k = 2*n + 4. Is a(n) composite?
False
Suppose -38 = -4*n + 2*y, 0 = 4*n + 2*y - y - 29. Let o be 626/1 + (-18)/6. Suppose o = -h + n*h. Is h composite?
False
Let p(h) be the first derivative of -37*h**3/2 + h**2 + 24*h - 15. Let u(z) be the first derivative of p(z). Is u(-1) prime?
True
Suppose x - 80072 + 1137271 = 12*x. Is x composite?
True
Let k = -13 + 16. Suppose 4*f = k*f. Suppose f = 5*q - 12*q + 4354. Is q a prime number?
False
Suppose -416*y = -420*y + 492. Suppose -3*i + y + 272 = g, 401 = 3*i + 4*g. Is i a composite number?
False
Suppose -3*h = -x + 102 + 3, h + 43 = 3*x. Is ((-2*1)/4)/(h/206788) composite?
False
Suppose 0 = -n + 1, -5*n + 2*n = 3*m - 93. Suppose 40*p = m*p + 49690. Is p composite?
False
Let q = -48 + 51. Suppose -2*a = -4*h - 18, q*h - 3*a + 17 = 2. Let n(w) = -227*w + 11. Is n(h) prime?
True
Let f(o) = 15*o**2 - 18*o + 72. Let y be f(15). Suppose -15555 = -12*j + y. Is j prime?
False
Suppose 4*j - 8*q - 12906 + 3230 = 0, 1 = -q. Is j a composite number?
False
Let p(g) = 19*g**2 + 51*g - 431. Is p(-52) a composite number?
True
Let t = 2176 + -1133. Suppose -4*a + t = 3*r, 0*r = -a - 3*r + 272. Is a composite?
False
Let b be 1177524/60 - 6/(-10). Suppose 7*s - 4*s - b = 0. Suppose 3*o + f - s = -4*f, 5*o - 10897 = -2*f. Is o a prime number?
True
Let a be ((-4)/5)/((-2)/25). Let i(q) = 2*q**3 - 15*q**2 - 10*q - 401. Let f be i(15). Suppose -a*z = -f - 4666. Is z composite?
True
Suppose -19*y - 16766 - 3821 + 158204 = 0. Is y a prime number?
True
Suppose 2*u - 4*m = 20, -12 = -0*m + 3*m. Suppose 15557 + 11205 = u*b. Is b a prime number?
True
Let y(v) = -v**2 + 12*v + 4. Let a(p) = -1. Let o(b) = -2*a(b) + y(b). Let w be o(12). Is (-3582)/(-15) + w/30 composite?
False
Suppose 12 = -q - 4*t, -9*q - 3*t - 9 = -10*q. Suppose a - 239 - 4382 = q. Is a prime?
True
Suppose 2*r = 2*g + 334, -4*r + r - 147 = g. Let n = 373 + g. Is n prime?
True
Let l = -64598 - -144177. Is l prime?
True
Suppose -4*o = 2*n - 24, -2*o + 5*n + 38 - 14 = 0. Is -4317*(o + 22/(-3)) prime?
True
Let k = -209 + 216. Is 9294 + k + (2 - -2) composite?
True
Let v(x) = -317*x + 1630. Is v(-21) composite?
False
Suppose -316*h = -226*h - 1528540 - 5099870. Is h composite?
True
Let h = 126 - -8. Let z(q) = -q**3 - 30*q**2 - 37*q + 41. Let d be z(-29). Let i = d - h. Is i a prime number?
True
Suppose 6*f + 7054 + 14426 = 0. Let i = 5831 + f. Let a = i - 1260. Is a a composite number?
False
Let x(d) = -33*d**3 - 3*d**2 - 6*d. Let s be x(-3). Suppose 5*h + 1328 = -s. Is (h/1)/(15 - 17) a composite number?
True
Let b(k) = -k**2 + 32*k - 60. Let j be b(30). Suppose j = -9*r + 3*r + 17778. Is r a prime number?
True
Let d(g) = -1196*g + 179083. Is d(0) a prime number?
True
Suppose -104 = -13*o - 13*o. Suppose 3*t - 4*q + 4724 = 23055, 24444 = o*t - 4*q. Is t prime?
True
Is (205281 + 5)*(-6)/(-12) a prime number?
True
Suppose 11*d - 1155540 = 205061. Is d a composite number?
True
Let s(b) = -7*b**3 + 27*b**2 + 27*b + 461. Is s(-18) prime?
True
Let x(v) = v**2 - 19*v + 2. Let m(i) = -5*i - 6. Let s be m(-5). Let w be x(s). Suppose 0 = 6*p - w*p - 5596. Is p prime?
True
Let l = -58 - -68. Suppose l*p - 6552 = 64958. Suppose -2314 = -3*m + p. Is m a prime number?
False
Suppose 5*v - p - p = 86, -4*p = 3*v - 62. Let y(r) = 2*r**3 - 26*r**2 + 13*r + 31. Is y(v) prime?
False
Suppose 0 = 4*o - 2*o + 17118. Let y = -3839 - o. Suppose 2*a - g - 2358 = a, -y = -2*a - 2*g. Is a composite?
True
Suppose 17*w - 3065795 + 994929 = 3*w. Is w prime?
True
Let a(l) = -6*l**2 + 46*l + 65. Let z(i) = -12*i**2 + 93*i + 130. Let v(t) = -5*a(t) + 2*z(t). Is v(-42) a prime number?
False
Is (-346575)/(-10) - 2 - (-69)/46 a prime number?
False
Let w(s) = s**2 + 3*s - 49. Let z be w(-9). Suppose -15 = -10*t + 15*t, -3*h + z*t = -16509. Is h a composite number?
True
Let r(k) = 39*k**2 + 3*k. Let a be r(-2). Suppose 8*l - 401 = -1065. Let h = a - l. Is h a composite number?
False
Suppose 2925 + 8261 = 14*i. Is (3 - 3)/3 + i a composite number?
True
Let g be -4*3188/(-48)*(0 + 9). Suppose 8*v + g = 11*v. Is v a prime number?
True
Let q = -879 - -577. Suppose -5*w - 1450 = -4*o - 5835, 0 = -3*w + o + 2624. Let m = q + w. Is m composite?
False
Let u(v) = -97*v**3 + 2*v**2 - 3*v - 3. Let n(q) = -8*q + 42. Let r(s) = 9*s - 43. Let x(b) = -5*n(b) - 4*r(b). Let g be x(9). Is u(g) a prime number?
True
Suppose -798*i + 50322 = -797*i. Is ((-60)/45)/((-4)/i) a prime number?
False
Let x(l) = 68*l**3 + 3*l**2 - 8*l + 36. Let c(v) = -101*v**3 - 5*v**2 + 12*v - 54. Let g(b) = 5*c(b) + 8*x(b). Is g(7) composite?
True
Let p(k) = -86038*k + 6395. Is p(-24) a composite number?
True
Let a be ((-2)/(-4))/(10/760). Let g = 42 - a. Is 9/36 - (-2083)/g a composite number?
False
Let r(v) = -v**2 + 10*v - 32. Let u be r(5). Is (((-15)/(-6))/(-5))/(u/38906) a prime number?
False
Let l(z) = -8702*z + 311. Is l(-6) a composite number?
True
Suppose -2 = 2*r + 4*v, 2*v + 26 = -4*r - 8. Let w(y) = -y**2 - 10*y + 2. Let f(m) = -m**2 - 20*m + 4. Let o(t) = 2*f(t) - 5*w(t). Is o(r) a prime number?
True
Let u be 8 - (-2)/((-10)/(-249085)). Is u/4 + 7 + (-150)/24 a prime number?
True
Suppose 0 = -3*l + 3*j + 3, -5*l + 10 = -4*l + 2*j. Suppose 20 = l*m, -m + 93091 - 13859 = 3*y. Is y a composite number?
True
Suppose 3*l = 2*v - 615022, -5*l - 30300 + 645322 = 2*v. Is v a prime number?
True
Let m be (-2 + 3)*(-9 + 8). Let o be 4 + (m - 2)/3. Suppose 0 = -f - 5*k + 490, 3*f - 801 - 705 = -o*k. Is f composite?
True
Let k = -321 - -342. Is (-3 + 0)*(-85589)/k a prime number?
True
Suppose 654*o - 655*o + 2225610 = 5*p, -4*o - 890222 = -2*p. Is p composite?
True
Let g(q) = 702*q**2 + 11*q - 36. Let o(a) = 13*a - 112. Let b be o(9). Is g(b) composite?
False
Let y(s) = 101*s**2 + 11*s + 61. Suppose 0 = 24*h - 31*h - 63. Is y(h) composite?
True
Let n(r) = -98*r + 23. Let o(i) = 4*i + 6. Let x be o(-4). Let v be (-4 + 9 - x)*4/(-6). Is n(v) a composite number?
True
Suppose 8 = 4*m - 2*t, -5*m + 2*t = -2*m - 6. Suppose -3*v - 3*c = -6468, -2*c + m = 8. Is v a prime number?
False
Let p be ((-213)/(1*-3))/(1/(-1)). Let z = p + 61. Let k(g) = -61*g - 29. Is k(z) a composite number?
True
Let t(a) = 495*a - 302. Is t(35) a prime number?
False
Let f(x) = -x**3 + x**2 + x - 2. Let y be f(-2). Let p(n) = 114*n**2 + 5*n - 15. Is p(y) a prime number?
True
Let q = -3759 + 6157. Let h(x) = -17*x**3 + 6*x**2 + 4*x + 1. Let l be h(-4). Let c = q - l. Is c composite?
False
Suppose -13*j + 14*j + 2012041 = 3*u, 0 = -4*u - 2*j + 2682708. Is u a composite number?
True
Suppose 104928 = 3*t - 5*r, -4*t - 71*r + 139921 = -72*r. Is t a prime number?
True
Suppose -t = 5 + 14. Let c = t + 19. Is 0 - c - 31*(-23)/1 prime?
False
Suppose -h - 7 - 13 = 0. Let s be h/(-190) + (-72)/(-38). Suppose s*a = 4*k - 2123 - 1135, 3262 = 4*k + 2*a. Is k a composite number?
True
Let k(o) = 108443*o - 2174. Is k(5) a composite number?
False
Is 17 - -33176 - 6*(-20)/12 a composite number?
False
Let o = -1588 - -91. Let k = o - -2231. Is k a composite number?
True
Suppose 0 = -3*v + 2*j - 7, -3*j + 9 + 6 = 0. Suppose -11 + 2 = 3*y. Is (y + 4)/(-3*v/(-9033)) a composite number?
False
Let z(k) = -109*k**3 - k**2 + 6*k + 21. Is z(-5) composite?
False
Suppose 37*n - 48870 = 133799. Let s = -1774 + n. Is s a composite number?
False
Let p = 17 - 15. Suppose 396 = -p*c + 3454. Is c composite?
True
Let j(y) = 2*y**2 + 9*y + 7. Let h be j(-5). Suppose 11*w + 2943 = h*w - 4*x, 14698 = 5*w - 3*x. Is w prime?
True
Let t = -3122 - -8703. Is t a prime number?
True
Suppose 2*x + 3800533 = 22*x - 400767. Is x a composite number?
True
Let m = 3891 + -1188. Suppose -6102 - m = -5*h. Is h prime?
False
Suppose 14*u + 55357 = 5*t + 16*u, -5*t + 55345 = 5*u. Suppose 3*j + 4*f = 36661, f + 1159 = j - t. Is j prime?
True
Let j = -9127 - -18510. Is j prime?
False
Suppose -5*g = -4*f - 1444373, 0 = 3*g - 4*f - 555229 - 311390. Is g composite?
False
Suppose 2*m - 7*m + 23 = 3*i, -i + 4*m - 15 = 0. Let v(w) = 4314*w**2 + 15*w - 14. Is v(i) a composite number?
True
Let n be (-1 - (6 + -3)) + 10. Suppose n*s - 11 = 13. Suppose -1684 = -s*q - 368. Is q com